00 and 280?
140
What is the highest common factor of 13180 and 20?
20
What is the highest common factor of 1355 and 45?
5
What is the greatest common divisor of 246 and 9?
3
What is the greatest common divisor of 266 and 56?
14
What is the highest common divisor of 42 and 6454?
14
What is the greatest common divisor of 47 and 1?
1
Calculate the greatest common divisor of 574 and 14.
14
Calculate the highest common factor of 149352 and 42.
42
Calculate the greatest common factor of 2450 and 525.
175
Calculate the greatest common divisor of 204 and 156.
12
Calculate the highest common factor of 3 and 393.
3
What is the highest common divisor of 256 and 128?
128
Calculate the greatest common factor of 6867 and 126.
63
Calculate the highest common divisor of 31830 and 30.
30
Calculate the greatest common divisor of 4 and 52.
4
Calculate the highest common factor of 81 and 153.
9
Calculate the greatest common factor of 1131 and 435.
87
Calculate the greatest common divisor of 27 and 15.
3
Calculate the highest common factor of 441 and 47481.
147
Calculate the highest common divisor of 43 and 2021.
43
Calculate the greatest common factor of 2158 and 78.
26
Calculate the greatest common divisor of 13 and 1.
1
What is the greatest common factor of 1380 and 33?
3
Calculate the highest common divisor of 489 and 3.
3
Calculate the highest common divisor of 175 and 315.
35
Calculate the highest common factor of 1320 and 15.
15
What is the greatest common factor of 308 and 176?
44
What is the greatest common factor of 4 and 284?
4
What is the highest common factor of 437 and 19?
19
What is the greatest common factor of 2259 and 9?
9
What is the greatest common factor of 374 and 68?
34
Calculate the highest common divisor of 17 and 272.
17
Calculate the greatest common factor of 21 and 21.
21
What is the highest common divisor of 930 and 527?
31
What is the highest common factor of 960 and 5952?
192
What is the greatest common factor of 1024 and 32?
32
What is the highest common factor of 62 and 403?
31
What is the greatest common factor of 159 and 5459?
53
Calculate the greatest common factor of 34 and 153.
17
What is the highest common factor of 73 and 219?
73
What is the highest common divisor of 11303 and 267?
89
Calculate the greatest common divisor of 6 and 20628.
6
Calculate the greatest common divisor of 90 and 765.
45
Calculate the greatest common divisor of 143 and 377.
13
Calculate the greatest common divisor of 1 and 1.
1
What is the greatest common divisor of 1271 and 62?
31
What is the highest common divisor of 63 and 14?
7
What is the highest common divisor of 163 and 80033?
163
What is the greatest common factor of 18 and 28?
2
What is the greatest common divisor of 540 and 300?
60
Calculate the greatest common divisor of 425 and 25.
25
What is the highest common divisor of 96 and 848?
16
Calculate the highest common divisor of 1 and 792.
1
Calculate the highest common divisor of 20 and 5180.
20
What is the greatest common divisor of 15 and 6645?
15
What is the greatest common divisor of 1 and 79?
1
What is the highest common factor of 40 and 70?
10
What is the highest common divisor of 3 and 1731?
3
What is the highest common divisor of 15 and 1545?
15
Calculate the highest common factor of 54 and 18198.
54
What is the highest common divisor of 483 and 2346?
69
Calculate the greatest common divisor of 12834 and 552.
138
What is the highest common factor of 1410 and 330?
30
What is the highest common divisor of 986 and 51?
17
What is the greatest common factor of 16 and 6344?
8
What is the highest common divisor of 5490 and 144?
18
Calculate the highest common divisor of 153 and 81.
9
Calculate the greatest common divisor of 24 and 112.
8
Calculate the highest common divisor of 40824 and 42.
42
Calculate the highest common divisor of 627 and 264.
33
What is the greatest common divisor of 26 and 3302?
26
What is the greatest common divisor of 125 and 53875?
125
Calculate the highest common factor of 16 and 3280.
16
What is the greatest common divisor of 803 and 292?
73
What is the greatest common divisor of 38 and 874?
38
What is the highest common divisor of 180 and 870?
30
What is the highest common divisor of 10 and 1190?
10
Calculate the highest common divisor of 35 and 1022.
7
Calculate the greatest common divisor of 776 and 8.
8
Calculate the greatest common divisor of 432 and 189.
27
What is the highest common divisor of 28 and 644?
28
What is the greatest common factor of 136 and 4420?
68
What is the greatest common factor of 834 and 12?
6
What is the greatest common factor of 1252 and 2?
2
Calculate the highest common divisor of 4 and 192.
4
What is the greatest common factor of 36 and 28?
4
What is the highest common divisor of 253 and 11?
11
What is the greatest common factor of 17982 and 324?
162
What is the greatest common divisor of 12 and 600?
12
What is the greatest common divisor of 47 and 4183?
47
What is the highest common divisor of 2235 and 15?
15
Calculate the highest common divisor of 525 and 400.
25
What is the highest common factor of 7592 and 1144?
104
What is the highest common divisor of 837 and 7254?
279
Calculate the greatest common divisor of 3984 and 480.
48
Calculate the highest common factor of 11682 and 594.
198
What is the greatest common factor of 72 and 18?
18
What is the highest common divisor of 33 and 17655?
33
What is the highest common divisor of 1651 and 508?
127
What is the highest common divisor of 26 and 286?
26
Calculate the highest common factor of 104 and 16133.
13
What is the greatest common factor of 90 and 126?
18
What is the highest common factor of 16 and 4?
4
What is the highest common factor of 2255 and 164?
41
Calculate the highest common factor of 66 and 726.
66
Calculate the greatest common divisor of 15703 and 41.
41
Calculate the highest common factor of 456 and 3.
3
What is the highest common divisor of 2080 and 20?
20
Calculate the greatest common factor of 1054 and 1550.
62
Calculate the highest common divisor of 141 and 66.
3
What is the highest common divisor of 95 and 760?
95
Calculate the highest common divisor of 3335 and 115.
115
Calculate the greatest common factor of 2223 and 133.
19
What is the highest common factor of 52 and 2860?
52
What is the highest common divisor of 670 and 20?
10
What is the highest common factor of 576 and 9?
9
What is the greatest common divisor of 1037 and 61?
61
Calculate the greatest common factor of 18 and 222.
6
What is the greatest common factor of 3 and 47?
1
Calculate the highest common divisor of 26 and 234.
26
Calculate the greatest common factor of 34 and 274.
2
Calculate the greatest common divisor of 172 and 4.
4
Calculate the highest common divisor of 14 and 14.
14
What is the greatest common factor of 11 and 11209?
11
Calculate the highest common divisor of 192 and 2816.
64
Calculate the greatest common factor of 276 and 1679.
23
Calculate the highest common divisor of 55 and 2.
1
Calculate the greatest common divisor of 348 and 1914.
174
What is the highest common factor of 190 and 9975?
95
What is the greatest common factor of 92 and 46?
46
What is the greatest common factor of 216 and 81?
27
What is the highest common factor of 805 and 420?
35
Calculate the greatest common factor of 8 and 3272.
8
Calculate the greatest common divisor of 133 and 315.
7
Calculate the greatest common divisor of 19 and 21337.
19
Calculate the greatest common factor of 80 and 740.
20
Calculate the greatest common divisor of 6 and 166.
2
What is the highest common divisor of 96 and 1524?
12
What is the greatest common factor of 1694 and 14?
14
Calculate the highest common divisor of 1620 and 990.
90
Calculate the greatest common divisor of 33 and 1826.
11
What is the highest common factor of 819 and 13?
13
Calculate the highest common factor of 611 and 141.
47
Calculate the highest common factor of 65 and 845.
65
What is the highest common divisor of 42 and 2499?
21
Calculate the highest common divisor of 234 and 126.
18
Calculate the greatest common factor of 550 and 55.
55
What is the highest common factor of 5924 and 4?
4
What is the highest common divisor of 713 and 155?
31
Calculate the greatest common factor of 172 and 1333.
43
What is th